{"id":16,"date":"2018-12-02T11:55:06","date_gmt":"2018-12-02T10:55:06","guid":{"rendered":"http:\/\/abdichtungstechnik.de\/?page_id=16"},"modified":"2018-12-02T13:42:49","modified_gmt":"2018-12-02T12:42:49","slug":"risse","status":"publish","type":"page","link":"https:\/\/www.bauwerkabdichtung.de\/?page_id=16","title":{"rendered":"Risse"},"content":{"rendered":"<p><strong>Risse <\/strong><br \/>\nsind eine normale, f\u00fcr den Baustoff Beton spezifische Erscheinung. Sie k\u00f6nnen selbst trotz grosser Sorgfalt bei Entwurf und Ausf\u00fchrung nicht vollst\u00e4ndig vermieden werden. Langj\u00e4hrige wissenschaftliche Untersuchungen und die Erfahrungen der Praxis zeigen, dass Risse weder die Gebrauchstauglichkeit, noch die Dauerhaftigkeit von Betonbauwerken beeintr\u00e4chtigen, sofern sie fein verteilt sind und die Rissbreiten nebenstehende Richtwerte nicht \u00fcberschreiten.<\/p>\n<p><img loading=\"lazy\" class=\"alignright size-full wp-image-130\" src=\"http:\/\/abdichtungstechnik.de\/wp-content\/uploads\/EK_Bauwerk\/Risse\/rissmessung.jpg\" alt=\"\" width=\"276\" height=\"177\" \/>Wegen besonderer Schadstoff- belastungen bzw. aussergew\u00f6hnlicher Nutzungsbedingungen kann jedoch auch bei geringeren Rissbreiten das F\u00fcllen der Risse notwendig werden.<\/p>\n<p>&nbsp;<\/p>\n<p>Zur genauen Erfassung von Rissen geh\u00f6rt neben der Rissbreitenmessung eine Zustandsbeschreibung des Bauteiles und der umgebenden Einfl\u00fcsse wie der chemischen Belastung, der Luftfeuchtigkeit, auftretender Ersch\u00fctterungen, etc. Rissbreiten\u00e4nderungen lassen sich durch wiederholte Messungen bzw. mit Hilfe von Gipsmarken feststellen.<\/p>\n<p><strong>Rissursachen<\/strong><br \/>\nRisse im Frischbeton entstehen durch rasche Volumenverminderung der oberfl\u00e4chen- nahen Betonschicht im Zuge der Austrocknung (Schwinden).<\/p>\n<p>Risse im erh\u00e4rteten Beton entstehen bei \u00dcberschreitung der Zugfestigkeit durch Eigenspannung, Zwang und \u00e4ussere Belastung.<\/p>\n<p>Die Erfahrung zeigt, dass Risse in der Regel mehrere Ursachen haben.<br \/>\nRisse werden unterschieden in<\/p>\n<p><strong>Oberfl\u00e4chennahe Risse<\/strong>, die meist nur wenige Zentimeter tief sind und sich im Laufe der Erh\u00e4rtung des Betons wieder schliessen, und in<\/p>\n<p><strong>Trennrisse<\/strong>, die wesentliche Teile des Querschnittes erfassen oder das Bauteil ganz durchtrennen. Neben der Korrosionsgefahr f\u00fcr die Bewehrung stellen Trennrisse Flie\u00dfwege f\u00fcr anstehendes Wasser dar.<\/p>\n<p>Folgende <strong>Feuchtezust\u00e4nde<\/strong> werden unterschieden:<\/p>\n<p><img loading=\"lazy\" class=\"alignright size-full wp-image-128\" src=\"http:\/\/abdichtungstechnik.de\/wp-content\/uploads\/EK_Bauwerk\/Risse\/feuchtezustande.jpg\" alt=\"\" width=\"269\" height=\"91\" \/>a) trocken<br \/>\nb) feucht (Farbtonver\u00e4nderung)<br \/>\nc) drucklos wasserf\u00fchrend<br \/>\n(Wasser in feinen Tropfen)<br \/>\nc) unter Druck wasserf\u00fchrend<br \/>\n(zusammenh\u00e4ngender Wasserfilm)<\/p>\n<p><img loading=\"lazy\" class=\"aligncenter size-full wp-image-129\" src=\"http:\/\/abdichtungstechnik.de\/wp-content\/uploads\/EK_Bauwerk\/Risse\/riss2-1.jpg\" alt=\"\" width=\"609\" height=\"158\" srcset=\"https:\/\/www.bauwerkabdichtung.de\/wp-content\/uploads\/EK_Bauwerk\/Risse\/riss2-1.jpg 609w, https:\/\/www.bauwerkabdichtung.de\/wp-content\/uploads\/EK_Bauwerk\/Risse\/riss2-1-300x78.jpg 300w\" sizes=\"(max-width: 609px) 100vw, 609px\" \/><\/p>\n<p><strong>Sanierung<\/strong><\/p>\n<p><strong>Methoden<\/strong><br \/>\nder Rissinjektion sowie die Auswahl des Materials werden in Abh\u00e4ngigkeit von den genannten Kriterien festgelegt. Mit einer Injektion k\u00f6nnen verschiedene Ziele erreicht werden:<\/p>\n<p>Schliessen<br \/>\nAbdichten<br \/>\nDehnf\u00e4higes Verbinden<br \/>\nKraftschl\u00fcssiges Verbinden<\/p>\n<p>Die Ermittlung der Ursachen und eine sorgf\u00e4ltige Planung sollten jeder Injektion vorausgehen.<\/p>\n<p>Folgendes Injektionsmaterial kommt dabei zum Einsatz:<\/p>\n<p>a) Mit Polyurethanharzen wird eine begrenzt dehnf\u00e4hige Verbindung der Rissflanken und ein abdichtendes Verf\u00fcllen erreicht.\u00a0<img loading=\"lazy\" class=\"alignright size-full wp-image-127\" src=\"http:\/\/abdichtungstechnik.de\/wp-content\/uploads\/EK_Bauwerk\/Risse\/risse2-3.jpg\" alt=\"\" width=\"290\" height=\"89\" \/><\/p>\n<p>b) Sch\u00e4umendes Polyurethanharz eignet sich zur schnellen Vor- Abdichtung bei stark wasserf\u00fchrenden Rissen, hat jedoch in der Regel keine dauerhaft abdichtende Wirkung<\/p>\n<p>d) ein kraftschl\u00fcssiger Verbund wird mit Epoxidharz erreicht. Es eignet sich zum Schliessen auch feinster Risse. Die Verwendung in feuchter Umgebung ist normalerweise nicht m\u00f6glich<\/p>\n<p>Je nach Beschaffenheit der Risse wird eine der folgenden Sanierungstechniken angewendet:<\/p>\n<p><strong>Druckinjektion<\/strong><br \/>\nDie Bohrkan\u00e4le werden beidseitig entlang des Risses so angeordnet, dass der Riss in seiner Mitte gekreuzt wird. Das \u00fcber Bohrpacker injizierte Material kann sich von der Mitte her \u00fcber den gesamten Riss ausbreiten. Eine Verd\u00e4mmung ist in der Regel nicht n\u00f6tig. Der Injektionsdruck muss dem Bauteil angepasst werden, damit eine nachtr\u00e4gliche Aufweitung des Risses verhindert wird. Bei Ingenieurbauwerken orientieren wir uns dabei nach den Vorgaben der ZTV-ING, Teil 3 Abschnitt 5.<\/p>\n<p>Wenn Bohrungen z.B. aus statischen Gr\u00fcnden nicht m\u00f6glich sind, kann die Injektion \u00fcber Klebepacker erfolgen. Diese werden auf der Rissoberseite angebracht. Eine Verd\u00e4mmung verhindert das Auslaufen von Injektionsmaterial. Nach dem Aush\u00e4rten des D\u00e4mmmaterials kann der Riss mit geringem Druck verpresst werden.<\/p>\n<p><strong>Riss-Tr\u00e4nkung<\/strong><br \/>\nOberfl\u00e4chenrisse werden auf waagerechten oder wenig geneigten Fl\u00e4chen drucklos gef\u00fcllt. Meist kommt dabei ein Epoxidharz zur Anwendung. Die Oberfl\u00e4che kann durch Aufstreuen von Quarzsand abgedeckt werden. Durch die Tr\u00e4nkung wird neben der optischen Wirkung auch ein weiteres Eindringen von Schadstoffen durch den Riss verhindert.<\/p>\n","protected":false},"excerpt":{"rendered":"<p>Risse sind eine normale, f\u00fcr den Baustoff Beton spezifische Erscheinung. Sie k\u00f6nnen selbst trotz grosser Sorgfalt bei Entwurf und Ausf\u00fchrung nicht vollst\u00e4ndig vermieden werden. Langj\u00e4hrige wissenschaftliche Untersuchungen und die Erfahrungen der Praxis zeigen, dass Risse weder die Gebrauchstauglichkeit, noch die Dauerhaftigkeit von Betonbauwerken beeintr\u00e4chtigen, sofern sie fein verteilt sind und &hellip;<\/p>\n","protected":false},"author":1,"featured_media":0,"parent":0,"menu_order":0,"comment_status":"closed","ping_status":"closed","template":"","meta":[],"_links":{"self":[{"href":"https:\/\/www.bauwerkabdichtung.de\/index.php?rest_route=\/wp\/v2\/pages\/16"}],"collection":[{"href":"https:\/\/www.bauwerkabdichtung.de\/index.php?rest_route=\/wp\/v2\/pages"}],"about":[{"href":"https:\/\/www.bauwerkabdichtung.de\/index.php?rest_route=\/wp\/v2\/types\/page"}],"author":[{"embeddable":true,"href":"https:\/\/www.bauwerkabdichtung.de\/index.php?rest_route=\/wp\/v2\/users\/1"}],"replies":[{"embeddable":true,"href":"https:\/\/www.bauwerkabdichtung.de\/index.php?rest_route=%2Fwp%2Fv2%2Fcomments&post=16"}],"version-history":[{"count":6,"href":"https:\/\/www.bauwerkabdichtung.de\/index.php?rest_route=\/wp\/v2\/pages\/16\/revisions"}],"predecessor-version":[{"id":134,"href":"https:\/\/www.bauwerkabdichtung.de\/index.php?rest_route=\/wp\/v2\/pages\/16\/revisions\/134"}],"wp:attachment":[{"href":"https:\/\/www.bauwerkabdichtung.de\/index.php?rest_route=%2Fwp%2Fv2%2Fmedia&parent=16"}],"curies":[{"name":"wp","href":"https:\/\/api.w.org\/{rel}","templated":true}]}}